4). Suppose -18*t = -14*t - 172. Suppose -4*v + v + t = 2*z, 0 = -2*z + s*v + 68. What are the prime factors of z?
29
Let c(i) be the third derivative of i**5/20 + i**4/24 - 5*i**3/6 - 11*i**2. What are the prime factors of c(2)?
3
Suppose 95*f + 510 = 101*f. What are the prime factors of f?
5, 17
Suppose 450 + 195 = 5*j. Let p = -79 + j. List the prime factors of p.
2, 5
Suppose -28 = -3*s + 5*m + 2, -m - 18 = -3*s. Suppose -65 = 5*h - 6*h. Suppose -h = -s*q - 0*q. What are the prime factors of q?
13
What are the prime factors of 352 + (10 - 6) + -1 + 2?
3, 7, 17
Let j(m) = -2*m - 9. Let r be j(-6). Suppose 3*z - 85 = 2*z + 5*g, -3*g = r*z - 219. Suppose c - 4*c = -z. List the prime factors of c.
5
Let k be (-1)/(-3*3/(-1287)). Let g = -83 - k. What are the prime factors of g?
2, 3, 5
Let f(p) = 52*p**2 + 15*p - 11. List the prime factors of f(-3).
2, 103
Suppose 0 = -4*j + 10 + 10. Suppose 5*h + 0 = -j. List the prime factors of 132/10 + h/5.
13
Suppose 98*r - 3227 = 97*r. List the prime factors of r.
7, 461
Let u(f) = f**3 - 24*f**2 + 22*f + 23. Let a be u(23). Let k be 0 + (-2 + 10)/2. Suppose -8 = k*q, 0*o - 2*o - 3*q + 42 = a. List the prime factors of o.
2, 3
Suppose 5*u = -8 - 12. Let r = -1 - u. Let t = 9 + r. What are the prime factors of t?
2, 3
Suppose 0 = -t + d + 35, 0 = 4*t - d - 144 - 8. Suppose -4*u + 2*j - t = 3*j, -24 = 3*u - j. Let w = 30 - u. What are the prime factors of w?
3, 13
What are the prime factors of ((-5)/((-5)/1549))/1?
1549
Let w(v) = v**2 - 23*v + 1293. List the prime factors of w(0).
3, 431
Suppose 5*m - 41 = -11. Suppose -m*l + 648 = -0*l. What are the prime factors of l?
2, 3
Let t(u) = -u**3 + 4*u**2 + 2*u - 3. Let v be t(4). Suppose -v*k + 3*k = -26. What are the prime factors of k?
13
Let r be (-3 - 0)*(5 - 104/24). List the prime factors of (r + 402/(-12))*-8.
2, 71
Let a(o) = o + 6. What are the prime factors of a(6)?
2, 3
Let v be 387 + (-10)/(-4 + 9). Let j = v + -677. List the prime factors of -4 - (0 - j/(-4)).
3, 23
List the prime factors of (68/(-6))/(140/(-53970)).
17, 257
Suppose -4*t + 1536 = 4*y, 5*t - 1696 = -3*y + 232. What are the prime factors of t?
2, 97
What are the prime factors of ((-12294)/4)/(-3) + (-63)/(-42)?
2, 3, 19
Let h be (-170)/(-4)*12/15. Let z = -31 + h. Suppose 5*n + 4*q = 323, q + 347 = 5*n - z*q. What are the prime factors of n?
67
Let l be (-160)/(-70) - (-2)/(-7). Suppose 3 = l*v + 15. Let r = 14 + v. List the prime factors of r.
2
Let f = 608 + -388. What are the prime factors of f?
2, 5, 11
What are the prime factors of -3 + ((-1404)/(-4) - -6)?
2, 3, 59
Suppose 4*g - 2*x = 43 + 775, x - 1 = 0. Let q be -4*(0 + (-5)/4). Suppose -q*b + g = -100. What are the prime factors of b?
61
Let n(o) = -2. Let t(r) = 8*r + 32. Let v(m) = -5*n(m) - t(m). What are the prime factors of v(-26)?
2, 3, 31
Let q = 3 + -3. Suppose -7*t + 11*t + 84 = q. List the prime factors of (t/9)/(2/(-6)).
7
Suppose 538 = 3*r + 295. List the prime factors of r.
3
Let h be 14 - 13 - (-25 + 0 - 1). Suppose -t + 2*c = -19, -92 = -5*t - 2*c + h. What are the prime factors of t?
23
Let x(d) = -d**3 + 4*d**2 - 4 + 9*d + 0*d + 5. What are the prime factors of x(-4)?
3, 31
Suppose 5*d + 18 = -12. Let i be (-115)/(-2) - d/(-12). Suppose -y = 2*y - i. What are the prime factors of y?
19
What are the prime factors of (198 - 17) + (-4 - -1)?
2, 89
Suppose 5*u - 8*u + 15 = 0. Suppose 2*c = 4*n + 14, -2*c + 0*n + 3*n + 12 = 0. Suppose 0 = 3*x + 5*g + u, 4*g + 3 = c*x - 28. List the prime factors of x.
5
Let w(d) = -8*d**3 - d**2 - 5*d - 9. Let o be w(-7). Suppose 0 = 19*y - 110 - o. What are the prime factors of y?
149
Suppose 2131 = 6*a - 1019. List the prime factors of a.
3, 5, 7
Let v be -4 + -4 + (1 - 1). What are the prime factors of ((-246)/v)/((-42)/(-56))?
41
Let a(s) = 4*s - 13*s - 28 - 11*s. What are the prime factors of a(-11)?
2, 3
Let a = 389 + -387. Suppose -3*f - 2*g = 10, 4*f + 5*g - 8 = 2*f. What are the prime factors of (-93)/(a - (-21)/f)?
2, 31
Let b(l) = -l**3 - 4*l**2 - 4*l - 7. Let f(y) = y - 13. Let o be f(8). List the prime factors of b(o).
2, 19
Suppose k - 81 - 27 = 0. List the prime factors of (1 - (-52)/(-12))/((-3)/k).
2, 3, 5
Let i = 2779 - 1965. What are the prime factors of i?
2, 11, 37
Let n(m) = -m**3 - 4*m**2 - 5*m + 1. Let j be n(-4). Suppose -j = -f - 5*g, 6 = -2*f + 2*g - 0*g. What are the prime factors of 30 + f + 2 + -5?
2, 7
Let k(t) = t**2 + 8*t - 24. Let m be k(-10). Let n = 9 + m. Suppose -24 = n*p - 6*p. What are the prime factors of p?
2, 3
Suppose 0 = -5*o - 5*k - 35, -3*o - o - 31 = 5*k. List the prime factors of 132/4 + o + -2.
3
Suppose 46 = 3*o - 68. Suppose -2*k + g = 2*k - 186, -o = -k - 4*g. List the prime factors of k.
2, 23
Let n be (-16)/(-7) - (-6)/(-21). Suppose 4*c = m + 105, -63 = -3*c + n*m + 17. List the prime factors of c.
2, 13
Suppose 9*t = -3768 + 11364. What are the prime factors of t?
2, 211
Let y = 26 + -12. Let z = -8 + y. Let i(n) = n**3 - 7*n**2 + 8*n + 4. List the prime factors of i(z).
2
Let q(x) = -10*x + 45. Let a be q(4). Suppose 2*t = 3*l - 613, 407 = 2*l + a*t + 11. What are the prime factors of l?
7, 29
Let w(z) = -14*z - 124. Let o(k) = -9*k - 83. Let d(n) = -8*o(n) + 5*w(n). What are the prime factors of d(0)?
2, 11
Suppose 3*h = -4*p + 10, 2*p = 3*h - 2*h. Suppose g - 123 = 3*l + h*l, 4*g + 3*l = 561. What are the prime factors of g?
2, 3, 23
Let v(a) = -a**3 - 9*a**2 + 14*a + 24. Suppose -44 = 5*l - l. List the prime factors of v(l).
2, 7
Let j(o) = -252*o + 223. List the prime factors of j(-5).
1483
Let a(c) = c**3 - 5*c**2 - 8*c + 6. Let v be a(6). Let s be (-320)/(-28) + v/14. Let x = s - -28. List the prime factors of x.
3, 13
Let x = -961 - -1408. What are the prime factors of x?
3, 149
Suppose 6960 = -14*v + 29*v. List the prime factors of v.
2, 29
Suppose -b + 20 = b + 5*f, -1 = b - 3*f. Suppose 21 - 66 = b*v. Let i = -5 - v. List the prime factors of i.
2
Let l be ((-15)/9)/1*15. Let p = -30 - l. Let g(r) = -4*r + 8. What are the prime factors of g(p)?
2, 7
Suppose 36*o - 2*d + 1606 = 38*o, 815 = o - 2*d. What are the prime factors of o?
3, 269
Suppose 35*s - 13390 - 30745 = 0. List the prime factors of s.
13, 97
Let f be 14*(4 - (-1 - -3)). Suppose -2*g - 2*g = t - f, -5*g + 4*t = -35. List the prime factors of g.
7
Suppose z - 193 = 53. Suppose 2*o + 8 = -0, 2*l - z = 4*o. Suppose l = -5*x + 310. What are the prime factors of x?
3, 13
Let h = 618 + 131. What are the prime factors of h?
7, 107
Let b be -2 - (6/4)/(6/(-16)). Suppose -3*s + b*s = -106. What are the prime factors of s?
2, 53
Let h be (-2 - (-16)/7) + (-57)/(-21). Suppose -4*o = -4*r - 656, -h*o = -o + 2*r - 348. What are the prime factors of o?
13
What are the prime factors of (51/17)/((-6)/(-752))?
2, 47
Suppose 3*p + 2*h + 46 = 0, 4*p + 26 = 2*h - 54. Let c = p - -27. List the prime factors of (-4)/2*c/(-6).
3
Let f be 3/(-5) + (-48)/(-30). List the prime factors of (3 - f)*(10 - 3).
2, 7
Let q = 455 - 265. List the prime factors of 4/12 + q/6.
2
Suppose 0 = -2*y + o + 643, 10*y + 2*o - 961 = 7*y. List the prime factors of y.
3, 107
List the prime factors of 14/(-4) - (-412756)/152.
2, 3, 113
What are the prime factors of (-5194)/(-42) + (-6)/9?
3, 41
Let r(i) = -i**3 + 27*i**2 - 2*i + 1. Let f be r(27). Let v = f + 99. List the prime factors of v.
2, 23
Suppose -5*b + 2968 = 2*b. List the prime factors of b.
2, 53
Let o(b) = -184*b - 6. List the prime factors of o(-4).
2, 5, 73
Suppose -9*y - 12*y - 105 = 0. List the prime factors of (-13 + 28)*(-19)/y.
3, 19
Suppose 5*t + 3 = 113. Let m be (t/8)/((-10)/(-120)). Suppose -b + m = 11. List the prime factors of b.
2, 11
Suppose 3*x + 18 = -3*v + 6*v, 0 = -5*v + 3*x + 20. Let w = -14 + v. What are the prime factors of (4 + -3 - w)/2?
7
What are the prime factors of (3 + -371)/(10 - 12)?
2, 23
Let t = -26 + 1539. What are the prime factors of t?
17, 89
Suppose 5*o - 4395 = -p, -4395 = -5*o + 22*p - 26*p. What are the prime factors of o?
3, 293
Let t be -3 + (12 + 0 - 4). Suppose -v + 372 = 4*g, 5*g - 69 = -t*v + 381. List the prime factors of g.
2, 47
Suppose -4*g + 1 - 5 = 0, -4*g - 22 = -3*d. Let a(p) = -p**3 + 7*p**2 + 5*p + 3. List the prime factors of a(d).
3, 23
Let a(z) = z**3 + z**2 - z + 16. 